 x(2).
47
Let s(m) = 2*m**3 + 82*m**2 - 3857*m + 550. Calculate s(-69).
67
Let g(x) = -x**2 + 113834*x - 682943. Calculate g(6).
25
Let y(h) = 24*h**2 + 1269*h + 2459. Calculate y(-2).
17
Let r(i) = -37736*i - 1698116. Calculate r(-45).
4
Let r(l) = -507*l**2 + 9068*l + 86. Calculate r(18).
-958
Let l(i) = -2*i**3 - 49*i**2 + 8*i + 547. Calculate l(-24).
-221
Let z(s) = -8230*s + 6402895. What is z(778)?
-45
Let q(o) = 71*o**2 - 1215*o + 138. Calculate q(17).
2
Let d(s) = -7*s**3 + 86*s**2 - 122*s + 204. What is d(10)?
584
Let p(c) = 100*c**3 + 302*c**2 + 226*c + 656. Give p(-3).
-4
Let i(h) = -h**3 - 95*h**2 - 1058*h + 5910. What is i(-18)?
6
Let y(d) = 3*d**3 + 117*d**2 + 348*d - 24. Determine y(-36).
-888
Let a(c) = 2754553*c - 22036422. Calculate a(8).
2
Let i(o) = 5*o**2 + 287*o + 1189. Give i(-53).
23
Let j(f) = -1777430*f - 8887156. Give j(-5).
-6
Let u(b) = -445*b**2 + 843*b - 844. Calculate u(1).
-446
Let d(k) = k**3 - 18*k**2 + 24*k - 5. Determine d(18).
427
Let q(w) = -37*w**2 + 3191*w + 9590. Determine q(-3).
-316
Let w(m) = -187*m**2 - 10578*m - 25945. Calculate w(-54).
-25
Let p(h) = 2*h**2 - 6445*h - 45133. Determine p(-7).
80
Let g(s) = -16*s**2 - 585*s + 163. Determine g(-36).
487
Let t(j) = -2*j**2 - 173*j - 3166. Give t(-26).
-20
Let n(y) = -24*y**2 + 395*y - 134. Determine n(10).
1416
Let n(w) = 3967*w**2 - 12145*w - 6. Calculate n(3).
-738
Let t(b) = 5*b**3 + 223*b**2 - 2230*b - 76. What is t(-53)?
136
Let v(z) = z**3 - 48*z**2 - 204*z + 15. Give v(-5).
-290
Let z(g) = g**3 + 119*g**2 + 70*g + 23169. Determine z(-120).
369
Let h(z) = z**3 - 45*z**2 + 266*z - 21. Give h(38).
-21
Let z(w) = -w**2 + 971*w + 14763. Calculate z(986).
-27
Let u(o) = -2*o**3 - 60*o**2 + 19*o + 1068. Give u(-29).
-1165
Let d(q) = -24849*q - 969105. What is d(-39)?
6
Let h(v) = -2174*v - 419567. Determine h(-193).
15
Let m(q) = -q**3 - 9*q**2 - 5284*q - 52927. Give m(-10).
13
Let d(o) = 668*o**2 + 11330*o + 156. What is d(-17)?
598
Let a(q) = -2*q**3 - 113*q**2 - 146*q + 1344. Determine a(-55).
299
Let c(p) = p**3 + 84*p**2 + 86*p - 24229. Give c(-79).
182
Let j(g) = 2*g**3 + 24*g**2 - 58*g - 75. Calculate j(-14).
-47
Let i(w) = 3*w**3 + 46*w**2 - 582*w - 7893. Determine i(-18).
-9
Let j(a) = -a**2 + 936786*a + 6557583. What is j(-7)?
32
Let h(n) = -10*n**3 + 1019*n**2 + 2109*n + 67. Determine h(-2).
5
Let t(m) = 1431*m - 2934. Give t(2).
-72
Let f(w) = -3*w**3 - 29*w**2 - 1491*w - 14998. What is f(-10)?
12
Let w(o) = 75*o**2 + 1188*o - 159. Calculate w(-16).
33
Let c(l) = 78*l**2 - 166*l + 11. Give c(2).
-9
Let r(f) = 97*f**2 + 303*f - 713. Calculate r(2).
281
Let v(x) = -893*x - 23245. Calculate v(-26).
-27
Let m(j) = 100*j**2 - 13002*j + 244. Calculate m(130).
-16
Let i(x) = 339*x - 41025. Calculate i(121).
-6
Let p(d) = 1194*d - 47792. Calculate p(40).
-32
Let f(a) = -a**3 + 158*a**2 - 153*a - 639. What is f(157)?
-11
Let r(y) = -5*y**3 + 42*y**2 + 656*y - 2956. What is r(4)?
20
Let f(x) = -761*x + 17587. Give f(23).
84
Let k(c) = -c**2 - 293*c + 39302. Give k(100).
2
Let h(f) = 9*f**2 - 324*f + 807. Determine h(7).
-1020
Let m(n) = -3*n**2 - 3199*n - 318129. Determine m(-111).
-3
Let x(n) = 473*n + 30642. What is x(-65)?
-103
Let g(u) = 3*u**3 - 202*u**2 - 188*u + 3499. What is g(68)?
-37
Let m(t) = -t**3 + 16*t**2 + 8036*t + 60. What is m(-82)?
60
Let z(f) = 10*f**2 - 944*f - 37876. Give z(125).
374
Let r(z) = -10971*z + 98745. Determine r(9).
6
Let m(u) = -13919*u + 69583. What is m(5)?
-12
Let c(m) = 2*m**3 + 268*m**2 + 265*m - 4. Determine c(-133).
129
Let m(r) = -2*r**3 + 1057*r**2 - 10885*r + 3585. What is m(518)?
-41
Let a(v) = -45167*v + 90284. What is a(2)?
-50
Let p(a) = 2157*a - 550024. Determine p(255).
11
Let k(i) = 3*i**2 - 1566*i - 7905. What is k(-5)?
0
Let x(i) = i**3 - 20*i**2 - 1249*i - 4567. Give x(48).
-7
Let c(z) = -2*z**3 + 184*z**2 - 109*z - 6663. Determine c(91).
-20
Let j(q) = 11927*q - 119287. Calculate j(10).
-17
Let n(x) = 5*x**2 - 233*x + 40. What is n(42)?
-926
Let x(j) = j**3 + 82*j**2 + 113*j + 2908. What is x(-81)?
316
Let y(g) = 4*g**2 - 4015*g - 61106. What is y(-15)?
19
Let m(r) = 1413*r + 16783. Give m(-12).
-173
Let y(z) = -z**3 - 30*z**2 + 806*z + 19288. Determine y(-19).
3
Let t(f) = -3*f**3 + 54*f**2 + 62*f - 701. What is t(17)?
1220
Let k(g) = -g**3 + 293*g**2 - 1463*g + 6623. What is k(288)?
-1
Let b(u) = -725*u - 9496. What is b(-4)?
-6596
Let j(p) = -61*p**2 - 5254*p - 926. Determine j(-86).
-238
Let b(q) = 4*q**2 + 3988*q - 52532. Calculate b(13).
-12
Let l(b) = 1149*b - 18074. What is l(16)?
310
Let f(c) = 30*c - 1277. Determine f(-10).
-1577
Let z(b) = 3*b**3 - 5*b**2 - 17408*b - 52149. Determine z(-3).
-51
Let d(a) = 22*a**2 - 1396*a - 8478. Calculate d(-6).
690
Let u(p) = -572*p**2 - 62919*p + 152. Calculate u(-110).
42
Let f(a) = -4793*a - 1284529. Determine f(-268).
-5
Let p(w) = 1548*w - 83175. What is p(54)?
417
Let w(u) = -u**3 + 19*u**2 - 56*u + 695. Give w(18).
11
Let w(r) = 22182*r - 1219945. Give w(55).
65
Let q(f) = 928*f + 48227. Calculate q(-52).
-29
Let z(u) = u**3 + 48*u**2 + 512*u - 778. Calculate z(-15).
-1033
Let s(j) = 2*j**2 - 33*j + 747. What is s(25)?
1172
Let f(s) = -5*s**3 + 237*s**2 - 1379*s + 43. Calculate f(6).
-779
Let n(o) = -12*o**3 + 111*o**2 - 24*o + 124. Determine n(9).
151
Let h(c) = -2*c**3 - 347*c**2 + 1599*c - 520. Calculate h(-178).
14
Let x(b) = -b**2 - 378*b + 16739. What is x(40)?
19
Let f(r) = -r**3 + 39*r**2 + 483*r + 1300. Give f(-6).
22
Let c(u) = u**3 + 65*u**2 + 3269*u + 228032. What is c(-67)?
31
Let s(p) = -9*p**3 - 5*p**2 - 3*p + 61. What is s(3)?
-236
Let d(a) = -2*a**3 + 109*a**2 + 3351*a - 342. Calculate d(-22).
-12
Let f(u) = -242*u - 15246. Determine f(-63).
0
Let s(a) = -a**3 - 35*a**2 - 73*a + 1832. What is s(-29)?
-1097
Let p(a) = -304*a + 8751. Give p(32).
-977
Let l(u) = 2642*u - 216744. Calculate l(82).
-100
Let j(x) = -241*x**3 - 88*x**2 - 2*x + 2. What is j(-2)?
1582
Let a(d) = -16*d**2 - 354*d + 1420. Determine a(-28).
-1212
Let f(i) = i**2 - 8*i + 104. Determine f(44).
1688
Let s(r) = r**3 - 50*r**2 + 166*r - 8325. Give s(50).
-25
Let o(z) = 40472*z - 14974649. What is o(370)?
-9
Let q(n) = 643*n**2 - 402*n - 2. What is q(-1)?
1043
Let u(s) = 580*s + 16545. Determine u(-29).
-275
Let h(o) = 417*o**2 - 6214*o - 22. What is h(15)?
593
Let c(n) = -5*n**3 + 129*n**2 + 279*n + 818. Give c(28).
6
Let y(v) = 112436*v - 2586035. Determine y(23).
-7
Let a(s) = -75*s**2 + 377*s + 302. Determine a(6).
-136
Let k(c) = 96*c**2 + 3732*c - 309. Calculate k(-39).
159
Let s(g) = 4598*g + 27843. What is s(-6)?
255
Let j(b) = 16953*b + 186458. Calculate j(-11).
-25
Let g(h) = -2484*h + 32323. Give g(13).
31
Let p(m) = -m**2 + 1888841*m + 8. Give p(0).
8
Let r(g) = -3*g**3 - 50*g**2 + 156*g + 428. Calculate r(-19).
-9
Let q(s) = s**2 + 22*s - 97. Determine q(-7).
-202
Let t(h) = 11*h**2 - 265*h - 12556. Calculate t(48).
68
Let p(b) = -15*b**2 + 772*b + 3348. What is p(-4)?
20
Let x(b) = -2*b**3 - 11*b**2 + 253*b - 1033. What is x(7)?
-487
Let x(z) = -16*z**2 + 1803*z + 732. Determine x(114).
-1662
Let g(j) = j**3 - 198*j**2 + 7588*j + 107. What is g(52)?
-101
Let f(m) = -m**3 + 67*m**2 - 191*m - 312. Determine f(63).
3531
Let s(k) = 28*k**2 - 636*k + 185. Calculate s(21).
-823
Let i(f) = -28*f**2 + 10888*f + 181383. Calculate i(-16).
7
Let h(y) = 4715*y + 24663. What is h(-5)?
1088
Let y(u) = -u**3 - 14*u**2 + 9*u + 419. Give y(-13).
133
Let f(p) = 606*p - 17374. Determine f(30).
806
Let y(x) = -7016*x - 147349. What is y(-21)?
-13
Let w(n) = n**2 + 9363*n - 1186005. Give w(125).
-5
Let i(t) = -2652*t + 3916927. What is i(1477)?
-77
Let t(d) = 2*d**2 + 202*d + 2201. Calculate t(-13).
-87
Let s(z) = -2*z**3 - 261*z**2 - 1374*z + 136. Determine s(-125).
11
Let f(c) = -6296*c + 2789136. Give f(443).
8
Let t(q) = -q**3 - 76*q**2 - 434*q + 11424. Give t(-67).
101
Let f(j) = 170998*j - 78659076. Give f(460).
4
Let n(m) = 29*m**2 - 82*m - 1331. What is n(-14)?
5501
Let a(h) = -3*h**2 + 836*h + 18676. What is a(299)?
437
Let s(d) = d**3 - 102*d**2 + 739*d + 118. Determine s(8).
14
Let t(q) = 437*q**2 + 511*q - 511. Calculate t(1).
437
Let c(l) = l**3 + 130*l**2 - 4231*l - 562433. What is c(-129)?
7
Let g(m) = -737*m + 26430. Give g(36).
-102
Let q(o) = 